{"id":450,"date":"2023-07-03T20:24:15","date_gmt":"2023-07-03T18:24:15","guid":{"rendered":"https:\/\/www.salosverige.se\/?page_id=450"},"modified":"2023-07-03T20:24:15","modified_gmt":"2023-07-03T18:24:15","slug":"ekonomi","status":"publish","type":"page","link":"https:\/\/www.salosverige.se\/?page_id=450","title":{"rendered":"Ekonomi"},"content":{"rendered":"<p>&nbsp;<\/p>\n<p>Ordet ekonomi h\u00e4rstammar fr\u00e5n Aristoteles och gammalgrekiskans \u201doikonomia\u201d som betyder hush\u00e5llning eller f\u00f6rvaltning.<\/p>\n<p>Han anv\u00e4nde \u00e4ven ordet \u201dchrimatistiki\u201d d\u00e4r m\u00e5let var monet\u00e4r ackumulation f\u00f6r sin egen skull. Id\u00e9n chrimatistiki gjorde att pengar fick ytterligare en roll f\u00f6rutom att vara ett betalmedel. Pengar blev d\u00e5 en produkt som kunde s\u00e4ljas\/hyras ut.<\/p>\n<p>Aristoteles po\u00e4ngterade s\u00e4rskilt det omoraliska i att l\u00e5na ut pengar p\u00e5 andras bekostnad. En konsekvens var att detta utl\u00e5ningssystem var att man avhumaniserade m\u00e4nniskor och gjorde dem till enbart en funktion f\u00f6r att tj\u00e4na pengar.<\/p>\n<p>Idag skapas pengar genom utl\u00e5ning\/r\u00e4nta som sedan anv\u00e4nds i konsumtionsfl\u00f6det. Det som inte diskuteras s\u00e5 mycket numera \u00e4r att med varje ny krona som skapas med r\u00e4nta, \u00f6kar \u00e4ven r\u00e4nteskulden i samh\u00e4llet. I ett l\u00e5n ing\u00e5r b\u00e5de kredit och r\u00e4nta som ska betalas tillbaka.<\/p>\n<p>I princip \u00e4r det en skuld som det inte finns pengar att betala av med f\u00f6r om vi amorterade krediterna med alla pengar som finns s\u00e5 skulle priset p\u00e5 krediterna (r\u00e4ntan) fortfarande finnas kvar som en skuld.<\/p>\n<p>Observera att detta resonemang handlar om alla existerande pengar i v\u00e4rlden, inte en enskild individs kredit + r\u00e4nta som kan betalas av med pengar som kommer till individen genom l\u00f6nearbete, f\u00f6rs\u00e4kringar, bist\u00e5nd, arv med mera. De pengar som redan \u00e4r i omlopp inom produktions-\/konsumtionsfl\u00f6den \u00e4r ju redan skapade genom krediter s\u00e5 varje liten del av penningm\u00e4ngden \u00e4r redan skuldsatt genom r\u00e4nta.<\/p>\n<p>R\u00e4nteekonomin (chrimatistiki) utarmar hela det ekonomiska systemet i och med ackumulationen av pengar. M\u00e5nga kapital\u00e4gare h\u00e4vdar att de bidrar med att skapa arbete men arbetet blir d\u00e5 en funktion f\u00f6r att hela tiden betala av r\u00e4nteskulden som f\u00f6ljer p\u00e5 kapital\u00e4garens id\u00e9 att tj\u00e4na pengar p\u00e5 sina pengar.<\/p>\n<p>St\u00e4ndig ackumulation g\u00f6r att produktionen (privat\/offentlig) tvingas till st\u00e4ndig effektivisering\/rationalisering vilket g\u00f6r att man inte tar h\u00e4nsyn till varken milj\u00f6 eller m\u00e4nniska.<\/p>\n","protected":false},"excerpt":{"rendered":"<p>&nbsp; Ordet ekonomi h\u00e4rstammar fr\u00e5n Aristoteles och gammalgrekiskans \u201doikonomia\u201d som betyder hush\u00e5llning eller f\u00f6rvaltning. Han anv\u00e4nde \u00e4ven ordet \u201dchrimatistiki\u201d d\u00e4r m\u00e5let var monet\u00e4r ackumulation f\u00f6r sin egen skull. Id\u00e9n chrimatistiki gjorde att pengar fick ytterligare en roll f\u00f6rutom att vara ett betalmedel. Pengar blev d\u00e5 en produkt som kunde s\u00e4ljas\/hyras ut. Aristoteles po\u00e4ngterade s\u00e4rskilt det [&hellip;]<\/p>\n","protected":false},"author":1,"featured_media":0,"parent":0,"menu_order":0,"comment_status":"closed","ping_status":"closed","template":"","meta":{"pagelayer_contact_templates":[],"_pagelayer_content":"","footnotes":""},"class_list":["post-450","page","type-page","status-publish","czr-hentry"],"_links":{"self":[{"href":"https:\/\/www.salosverige.se\/index.php?rest_route=\/wp\/v2\/pages\/450","targetHints":{"allow":["GET"]}}],"collection":[{"href":"https:\/\/www.salosverige.se\/index.php?rest_route=\/wp\/v2\/pages"}],"about":[{"href":"https:\/\/www.salosverige.se\/index.php?rest_route=\/wp\/v2\/types\/page"}],"author":[{"embeddable":true,"href":"https:\/\/www.salosverige.se\/index.php?rest_route=\/wp\/v2\/users\/1"}],"replies":[{"embeddable":true,"href":"https:\/\/www.salosverige.se\/index.php?rest_route=%2Fwp%2Fv2%2Fcomments&post=450"}],"version-history":[{"count":1,"href":"https:\/\/www.salosverige.se\/index.php?rest_route=\/wp\/v2\/pages\/450\/revisions"}],"predecessor-version":[{"id":451,"href":"https:\/\/www.salosverige.se\/index.php?rest_route=\/wp\/v2\/pages\/450\/revisions\/451"}],"wp:attachment":[{"href":"https:\/\/www.salosverige.se\/index.php?rest_route=%2Fwp%2Fv2%2Fmedia&parent=450"}],"curies":[{"name":"wp","href":"https:\/\/api.w.org\/{rel}","templated":true}]}}