{"id":448,"date":"2023-07-03T20:23:48","date_gmt":"2023-07-03T18:23:48","guid":{"rendered":"https:\/\/www.salosverige.se\/?page_id=448"},"modified":"2023-07-03T20:23:48","modified_gmt":"2023-07-03T18:23:48","slug":"manniska","status":"publish","type":"page","link":"https:\/\/www.salosverige.se\/?page_id=448","title":{"rendered":"M\u00e4nniska"},"content":{"rendered":"<p>&nbsp;<\/p>\n<p>Sedan n\u00e5gra decennier har begreppet m\u00e4nniska kommit att handla om individen trots att individen inte \u00e4r en solit\u00e4r i v\u00e4rlden. Vi \u00e4r alla delar av en materiell, social och mental v\u00e4rld.<\/p>\n<p>M\u00e4nniskan lever i sin inre v\u00e4rld som skapas genom de erfarenheter den f\u00e5r genom livet. Dessa erfarenheter p\u00e5verkar hur vi ser p\u00e5 oss sj\u00e4lva och omv\u00e4rlden. N\u00e4r vi vistas i en omgivning anpassar vi oss f\u00f6r bli accepterade i gruppen. Det \u00e4r en ned\u00e4rvd funktion som hj\u00e4rnan har sedan tiotusentals \u00e5r.<\/p>\n<p>Om den kontext m\u00e4nniskan befinner sig i \u00e4r h\u00e4lsosam upplever m\u00e4nniskan h\u00e4lsa. Om kontexten pr\u00e4glas av id\u00e9er som inte \u00e4r h\u00e4lsosamma upplever m\u00e4nniskan oh\u00e4lsa.<\/p>\n<p>I takt med att klyftorna i samh\u00e4llet och v\u00e4rlden \u00f6kar, \u00f6kar \u00e4ven oh\u00e4lsan. I ett samh\u00e4lle d\u00e4r m\u00e4nniskan enbart definieras utifr\u00e5n sin funktion s\u00e5som arbetstagare, konsument, producent med mera f\u00f6rlorar m\u00e4nniskor k\u00e4nslan av egenv\u00e4rde. Det \u00f6kar risken f\u00f6r konflikter av olika slag och psykisk oh\u00e4lsa.<\/p>\n","protected":false},"excerpt":{"rendered":"<p>&nbsp; Sedan n\u00e5gra decennier har begreppet m\u00e4nniska kommit att handla om individen trots att individen inte \u00e4r en solit\u00e4r i v\u00e4rlden. Vi \u00e4r alla delar av en materiell, social och mental v\u00e4rld. M\u00e4nniskan lever i sin inre v\u00e4rld som skapas genom de erfarenheter den f\u00e5r genom livet. Dessa erfarenheter p\u00e5verkar hur vi ser p\u00e5 oss [&hellip;]<\/p>\n","protected":false},"author":1,"featured_media":0,"parent":0,"menu_order":0,"comment_status":"closed","ping_status":"closed","template":"","meta":{"pagelayer_contact_templates":[],"_pagelayer_content":"","footnotes":""},"class_list":["post-448","page","type-page","status-publish","czr-hentry"],"_links":{"self":[{"href":"https:\/\/www.salosverige.se\/index.php?rest_route=\/wp\/v2\/pages\/448","targetHints":{"allow":["GET"]}}],"collection":[{"href":"https:\/\/www.salosverige.se\/index.php?rest_route=\/wp\/v2\/pages"}],"about":[{"href":"https:\/\/www.salosverige.se\/index.php?rest_route=\/wp\/v2\/types\/page"}],"author":[{"embeddable":true,"href":"https:\/\/www.salosverige.se\/index.php?rest_route=\/wp\/v2\/users\/1"}],"replies":[{"embeddable":true,"href":"https:\/\/www.salosverige.se\/index.php?rest_route=%2Fwp%2Fv2%2Fcomments&post=448"}],"version-history":[{"count":1,"href":"https:\/\/www.salosverige.se\/index.php?rest_route=\/wp\/v2\/pages\/448\/revisions"}],"predecessor-version":[{"id":449,"href":"https:\/\/www.salosverige.se\/index.php?rest_route=\/wp\/v2\/pages\/448\/revisions\/449"}],"wp:attachment":[{"href":"https:\/\/www.salosverige.se\/index.php?rest_route=%2Fwp%2Fv2%2Fmedia&parent=448"}],"curies":[{"name":"wp","href":"https:\/\/api.w.org\/{rel}","templated":true}]}}