{"id":438,"date":"2023-05-06T17:28:24","date_gmt":"2023-05-06T15:28:24","guid":{"rendered":"https:\/\/www.salosverige.se\/?page_id=438"},"modified":"2023-05-06T17:28:24","modified_gmt":"2023-05-06T15:28:24","slug":"tal-filmer-seminarium","status":"publish","type":"page","link":"https:\/\/www.salosverige.se\/?page_id=438","title":{"rendered":"Tal\/Filmer\/Seminarium"},"content":{"rendered":"<p>H\u00e4r kommer vi l\u00e4gga in l\u00e4nkar till Tal\/Filmer\/Seminarium<\/p>\n<div id=\"watch7-content\" class=\"watch-main-col\"><span class=\"yt-core-attributed-string yt-core-attributed-string--white-space-pre-wrap\" role=\"text\"><a href=\"https:\/\/www.youtube.com\/watch?v=VjxHac4mF48\">Seminarium: Schyman Schlyter Schlaug del 2 om vinsterna med kortare arbetstid.<\/a><br \/>\nhttps:\/\/www.youtube.com\/watch?v=VjxHac4mF48<\/span><\/p>\n<\/div>\n<p>&nbsp;<\/p>\n<p>&nbsp;<\/p>\n","protected":false},"excerpt":{"rendered":"<p>H\u00e4r kommer vi l\u00e4gga in l\u00e4nkar till Tal\/Filmer\/Seminarium Seminarium: Schyman Schlyter Schlaug del 2 om vinsterna med kortare arbetstid. https:\/\/www.youtube.com\/watch?v=VjxHac4mF48 &nbsp; &nbsp;<\/p>\n","protected":false},"author":1,"featured_media":0,"parent":0,"menu_order":0,"comment_status":"closed","ping_status":"closed","template":"","meta":{"pagelayer_contact_templates":[],"_pagelayer_content":"","footnotes":""},"class_list":["post-438","page","type-page","status-publish","czr-hentry"],"_links":{"self":[{"href":"https:\/\/www.salosverige.se\/index.php?rest_route=\/wp\/v2\/pages\/438","targetHints":{"allow":["GET"]}}],"collection":[{"href":"https:\/\/www.salosverige.se\/index.php?rest_route=\/wp\/v2\/pages"}],"about":[{"href":"https:\/\/www.salosverige.se\/index.php?rest_route=\/wp\/v2\/types\/page"}],"author":[{"embeddable":true,"href":"https:\/\/www.salosverige.se\/index.php?rest_route=\/wp\/v2\/users\/1"}],"replies":[{"embeddable":true,"href":"https:\/\/www.salosverige.se\/index.php?rest_route=%2Fwp%2Fv2%2Fcomments&post=438"}],"version-history":[{"count":1,"href":"https:\/\/www.salosverige.se\/index.php?rest_route=\/wp\/v2\/pages\/438\/revisions"}],"predecessor-version":[{"id":439,"href":"https:\/\/www.salosverige.se\/index.php?rest_route=\/wp\/v2\/pages\/438\/revisions\/439"}],"wp:attachment":[{"href":"https:\/\/www.salosverige.se\/index.php?rest_route=%2Fwp%2Fv2%2Fmedia&parent=438"}],"curies":[{"name":"wp","href":"https:\/\/api.w.org\/{rel}","templated":true}]}}