{"id":32,"date":"2020-06-17T17:16:55","date_gmt":"2020-06-17T17:16:55","guid":{"rendered":"https:\/\/www.salosverige.se\/?page_id=32"},"modified":"2023-03-21T20:44:10","modified_gmt":"2023-03-21T20:44:10","slug":"organisationen","status":"publish","type":"page","link":"https:\/\/www.salosverige.se\/?page_id=32","title":{"rendered":"Organisationen"},"content":{"rendered":"\r\n<p>SALO:s styrelse best\u00e5r av:<br \/>Ordf\u00f6rande: Henrik Lund<br \/>Kass\u00f6r: Dan Hedlund<br \/>Sekreterare: Rolf Israelson<\/p>\r\n\r\n\r\n\r\n<p>Fr\u00e5gor om organisationen besvaras av ordf\u00f6randen: Henrik Lund<\/p>\r\n","protected":false},"excerpt":{"rendered":"<p>SALO:s styrelse best\u00e5r av:Ordf\u00f6rande: Henrik LundKass\u00f6r: Dan HedlundSekreterare: Rolf Israelson Fr\u00e5gor om organisationen besvaras av ordf\u00f6randen: Henrik Lund<\/p>\n","protected":false},"author":1,"featured_media":0,"parent":0,"menu_order":0,"comment_status":"closed","ping_status":"closed","template":"","meta":{"pagelayer_contact_templates":[],"_pagelayer_content":"","footnotes":""},"class_list":["post-32","page","type-page","status-publish","czr-hentry"],"_links":{"self":[{"href":"https:\/\/www.salosverige.se\/index.php?rest_route=\/wp\/v2\/pages\/32","targetHints":{"allow":["GET"]}}],"collection":[{"href":"https:\/\/www.salosverige.se\/index.php?rest_route=\/wp\/v2\/pages"}],"about":[{"href":"https:\/\/www.salosverige.se\/index.php?rest_route=\/wp\/v2\/types\/page"}],"author":[{"embeddable":true,"href":"https:\/\/www.salosverige.se\/index.php?rest_route=\/wp\/v2\/users\/1"}],"replies":[{"embeddable":true,"href":"https:\/\/www.salosverige.se\/index.php?rest_route=%2Fwp%2Fv2%2Fcomments&post=32"}],"version-history":[{"count":8,"href":"https:\/\/www.salosverige.se\/index.php?rest_route=\/wp\/v2\/pages\/32\/revisions"}],"predecessor-version":[{"id":373,"href":"https:\/\/www.salosverige.se\/index.php?rest_route=\/wp\/v2\/pages\/32\/revisions\/373"}],"wp:attachment":[{"href":"https:\/\/www.salosverige.se\/index.php?rest_route=%2Fwp%2Fv2%2Fmedia&parent=32"}],"curies":[{"name":"wp","href":"https:\/\/api.w.org\/{rel}","templated":true}]}}